n + 4. Suppose -2*i = -2, -2*r + 4*r - 4*i + 10 = 0. Determine g(r).
4
Suppose -3*j + 4*h = -68, -3*h = 4*j - 5*h - 84. Suppose j = -0*o + 4*o. Let c(s) = 4*s + 10. Let n(g) = -g - 1. Let r(t) = -c(t) - 5*n(t). Calculate r(o).
0
Let g(a) = 4 - 8*a**3 - 2 - 3. Let n = -9 + 14. Suppose n*l + 3 + 8 = 2*h, -3*h + 7 = 2*l. Determine g(l).
7
Let p(w) = w**2 + 3*w - 1. Let n(y) = -y - y + 7*y. Let c be n(-1). Calculate p(c).
9
Let j(s) = -s**3 + 6*s**2 - s + 7. Let n be j(6). Let b(l) be the first derivative of 0*l**2 + 3 + 0 + 3*l**2. What is b(n)?
6
Let k = 66 + -64. Let a(s) = 1. Let h(w) = -3*w - 1. Let i(t) = 6*a(t) - 2*h(t). Let u(d) = -3*d - 4. Let m(y) = k*i(y) + 5*u(y). What is m(-3)?
5
Let c(p) = -3*p**3 - 2*p**3 + 7 - 6*p - 3*p**2 - 4*p**2 + 4*p**3. Let w be 32/(-6) + 6/(-9). Give c(w).
7
Let c(h) = 8*h + 13*h + 10*h - 5 - 30*h. Calculate c(0).
-5
Let h = 11 - 19. Let c(y) = y**3 + 8*y**2 + y + 3. What is c(h)?
-5
Let i(t) = t + 2. Let n(y) be the third derivative of y**5/60 + 7*y**4/24 + 5*y**3/6 + 4*y**2. Let w be n(-5). Calculate i(w).
-3
Let y(a) = -a**3 - 2*a**2 + 2*a - 1. Suppose 4*c = 3*o, -5*o + 28 - 5 = c. Let k be c/6 - 14/4. What is y(k)?
2
Let t(g) be the third derivative of -g**4/24 - 2*g**3/3 - 4*g**2. Give t(3).
-7
Let y(f) = f + 1. Suppose 11 - 7 = -2*d. Give y(d).
-1
Let b(t) be the second derivative of -t**3/6 - t. Suppose -30 = -2*g - 3*g. Suppose g = x + x. Give b(x).
-3
Let x be 9*(-4)/24*2. Let i(j) = j + 1. Let k(q) = 2*q. Let l(b) = x*i(b) + k(b). Calculate l(0).
-3
Let u(k) be the first derivative of k**3/3 - 3*k**2/2 - 4*k - 5. Calculate u(4).
0
Suppose 2*h = 7*h - 5. Let j(s) = 3*s**2 + s - 1. Determine j(h).
3
Let p be ((-6)/(-9))/(3/(-108)). Let k be (-108)/p*(-8)/(-6). Let o(v) = v**2 - 6*v - 6. Calculate o(k).
-6
Let z = 43 - 33. Let c(b) = 2*b - 13. What is c(z)?
7
Let d(h) = -h + 1 + 2 - 2*h**2 - 4 + 3. Determine d(2).
-8
Let w(h) = h**3 + 5*h**2 + 10*h + 5. Let v(f) = -2*f**3 - 10*f**2 - 19*f - 9. Let i(m) = 4*v(m) + 7*w(m). What is i(-4)?
7
Let y(t) = -8*t**2 + 2*t + 1. Let d be (8/20)/(1/10). Suppose -2 = d*r + 5*l, 5*r - 6 = 4*l + 12. Suppose 4 = -r*m - 4*p + 2*p, 5*p + 1 = 4*m. Give y(m).
-9
Let m(k) be the second derivative of 0 + 1/6*k**4 - 1/20*k**5 + 5*k + 1/3*k**3 + 1/2*k**2. Give m(3).
-2
Let f(i) = i - 1. Let s = 0 - 0. Let y(k) = k**3 - k**2 - 4. Let x be y(s). Let n be (6/x)/(15/(-20)). Give f(n).
1
Let r(z) = z + 4. Suppose 5*m + 60 = -5*p, -5*p + 4*m - 3*m - 36 = 0. Calculate r(p).
-4
Suppose -11 = -3*g - 4*d, 3*g - 8 + 3 = -d. Let z(o) = -o. Let n(a) = -6*a. Let b(c) = -6*n(c) + 44*z(c). Determine b(g).
-8
Suppose 3*t + 20 = -3*k + 344, -3*k = -t + 120. Let a(o) = o**2 - 10*o + 2. Let w be a(9). Let z be t/21 - (-2)/w. Let j(i) = -i**2 + 7*i - 3. Give j(z).
7
Let t(a) = -2 - 1 - 9*a + 2*a**2 + 8*a + 4*a. Give t(-3).
6
Let l(c) = c**2 + 3*c + 9. Let y(h) = -h**2 + h - 1. Suppose -w - 1 = -0. Let m(q) = w*l(q) - 2*y(q). Give m(5).
-7
Let l(q) = -q**2 - q + 6. Suppose 113*i = 111*i - 12. Give l(i).
-24
Suppose -5*w + 39 - 6 = -2*i, -2*i = 4*w - 12. Suppose -10 = -2*z + 4*n - n, 2*z - 2*n - 8 = 0. Let d(p) = -2*p - p**3 + w*p + 2*p - 3*p**z. Determine d(-4).
-4
Let f(r) = 2*r**2 + 7*r - 3. Let m be f(-6). Let l(y) = -y**2 + y + 2. Let g be l(0). Let x be g/9 + 129/m. Let k(d) = d - 3. What is k(x)?
2
Let q = 15 - 15. Let i(c) be the third derivative of -c**5/60 + c**4/24 + c**3/2 - c**2. What is i(q)?
3
Let z(y) = -y**3 - 4*y**2 - 2*y - 1. Suppose 15 = 3*d, -4*d - 2 + 34 = 4*s. Let q = s - 6. Calculate z(q).
-4
Let q be -1*(-1 + 3) + 7. Let a(b) be the third derivative of b**4/8 - 7*b**3/6 - 26*b**2. Give a(q).
8
Let a = -8 + 10. Let p be 1/a + 8/16. Let u(z) = 3 - 3 + z + p. Calculate u(-6).
-5
Let c(v) = -v**3 + 3*v**2 - 2*v + 3. Suppose a = -3*s - 3*a + 16, 2*s + 2*a - 8 = 0. Suppose s = j - 3*j + 6. Give c(j).
-3
Let h(j) = j**2 + 6*j + 5. Let l be h(-5). Let v = 3 + -1. Suppose v*p + l = 4. Let s(w) = 2*w**2 - 4*w + 3. Calculate s(p).
3
Let w(m) = m**3 + 4*m**2 + m + 4. Let k be w(-4). Let d(s) = k + 2 - s + 2*s + 0*s. Determine d(6).
8
Let g(p) = p**2 - 6*p + 5. Let f(c) = -c**3 + 8*c**2 + 4. Let w be f(8). Give g(w).
-3
Let o be -2 - 5 - (-3)/3. Let h be 29/9 - o/(-27). Let w(f) = 7*f + 11 - h*f - 14. What is w(3)?
9
Suppose -b - 3*t = -6, -b = 2*b - 2*t - 7. Let f = -3 - -6. Suppose -25 = f*k - b*s + 8, -4*s + 20 = 0. Let q(v) = -v**2 - 7*v - 7. What is q(k)?
-1
Let y(n) = 3*n + 2. Suppose 5 - 2 = -d. Determine y(d).
-7
Let w(i) = -2*i**3 - 2*i**2 - 2*i - 3. Suppose 36 = 5*h - m, -m - 3 = -h + 1. Suppose k + 3*k = -h. Calculate w(k).
9
Let k = -17 - -19. Let m(n) = 4*n**2 - 14 + 2*n**2 - 5*n**2 + k*n + 15. Let j = -3 - 0. Determine m(j).
4
Let x be (-26)/8 + 3 + (-3)/(-12). Let c(t) = -t**3 - t**2 + t + 7. What is c(x)?
7
Let d(b) = 34 - 5*b + 3*b**2 - 35 - 2*b**2. Calculate d(6).
5
Let y(g) be the third derivative of g**2 + 0*g + 0 + 1/3*g**3 - 1/12*g**4. Calculate y(4).
-6
Let n(x) = x**3 - 3*x + 1 - 6*x - 27*x**2 + 36*x**2. What is n(-10)?
-9
Suppose k - 3*q + 4 = -3*k, 0 = -3*q + 12. Let j(d) = 3*d**3 + 3*d**2 - 1 - 1 + d - k*d**3. What is j(-2)?
0
Let b(c) = -c**2 - c - 4. Let q = -48 + 44. Calculate b(q).
-16
Let g(a) = -2*a - 2. Suppose 5*y - 4 = 4*y. Calculate g(y).
-10
Suppose 0 = 2*u - 0*u. Let b be -3 + 7 + 3 + -5. Let d(n) = 3*n - b*n - n**2 - 6 + 0*n. Calculate d(u).
-6
Let v(p) = 3*p + 2*p - 5*p + 4*p. Suppose -c = 2*c. Suppose k + 1 + 1 = c. Calculate v(k).
-8
Let j(y) = y + 4. Suppose f - m + 25 = -2*f, -m - 11 = f. Let a = -20 + 15. Let c = f - a. What is j(c)?
0
Let n(k) = k**3 + 5*k**2 + 4*k - 1. Suppose -3*q = -9*q - 18. Calculate n(q).
5
Let r = 15 + -15. Let j(b) = b**2 + b - 5. Calculate j(r).
-5
Let b(z) = -2*z - 2. Let c(k) = -k**2 + 14*k + 3. Let n be c(14). Let p be (2 - n) + (-3 - -1). Give b(p).
4
Let l = -51 + 45. Let w(p) = p**3 + 6*p**2 - 2*p + 5. What is w(l)?
17
Let a(m) = 0 + 2*m + 5 - 20. Calculate a(10).
5
Let q(a) = -a. Let t = 67 - 73. Give q(t).
6
Let v(w) = -w**2 + 5*w - 4. Let o be v(4). Let q(b) = -b**2 + 1. Determine q(o).
1
Let h(j) = -9 - 8*j + 0*j**2 + 0*j**2 - j**2. Calculate h(-6).
3
Let l(q) = q - 1. Let b(a) = a**3 - 4*a**2 - a - 2. Let k be b(4). Give l(k).
-7
Let j(x) = -2*x**3 - 3*x**2 - 2*x + 7. Let k(s) = -s**3 - 3*s**2 - 3*s + 6. Let l(n) = -2*j(n) + 3*k(n). What is l(4)?
0
Let c(u) = u + u**3 - 2*u + 3*u**2 - 6*u + 3 + 8*u. Calculate c(-4).
-17
Suppose -8 + 0 = -r. Let h = r + -3. Let c(s) = -h*s + 4*s + 2*s + 8. Calculate c(0).
8
Suppose -4*v + 12 = -v. Let d(m) = -m**3 + 4*m**2 - m. Let p be d(v). Let o(g) = -g - 4. Calculate o(p).
0
Let k(m) be the first derivative of -m**4 + 2*m**3/3 - m + 1. Let o be k(-1). Let a(f) = -o*f - f + 7*f - 1 + f**2. Give a(2).
5
Suppose -2*w - p + 1 = 0, 2*p = p - 1. Let t(q) = -31*q. Calculate t(w).
-31
Suppose -4*r + 11 - 19 = 0. Let q(l) = -l**3 - 3*l**2 - l. What is q(r)?
-2
Let h be (-3)/(-9) - (-10)/6. Let s(m) = -6*m**2 - h*m**2 - m**3 + 2*m**2 - m. Determine s(-6).
6
Let b(k) = -k + 4. Let y be b(7). Let f = y + 0. Let z(n) = n**2 - 1. Calculate z(f).
8
Suppose 8 + 1 = 3*c. Let t = -2 + 5. Let g(h) = t*h**c - 4*h**3 + h + h**2 + h**2 - 2. Calculate g(3).
-8
Let f(c) = c**3 + 3*c**2 - 6*c - 6. Let t(q) = q + 1. Let d = 9 - 5. Let p be t(d). Suppose -2*s + 10 = -p*s + 2*j, s = -5*j - 9. Determine f(s).
2
Let x = -12 - -15. Let p(r) = 3*r - 3. Determine p(x).
6
Let h(q) = 3 + q - 3*q + 4*q - q. Calculate h(-6).
-3
Suppose 3*n + 2*n + 8 = 3*i, -n + 4*i = 5. Let s = 0 + 2. Let u(h) = -3 + s*h - 9*h + 2. Give u(n).
6
Let v(y) be the first derivative of y**3/3 - 3*y**2 + y + 1. Suppose 0*k = -3*k + 24. Suppose k = 3*x - x. Calculate v(x).
-7
Let u(n) be the third derivative of n**6/30 - n**5/60 + n**4/24 - 5*n**2. Suppose 10*h - 5 = 5*h. Determine u(h).
4
Let r(p) = p**3 + 2*p**2 - 7*p - 6. Let l(z) = -2*z**3 - 3*z**2 - 3*z - 2. Let b be l(-2). Suppose 3*w + b = w. Let m be w/18 - (-34)/(-9). What is r(m)?
-10
Let q(h) = -h. Let u(k) = -k. Let f(w) = -q(w) + 2*u(w). Give f(-5).
5
Suppose -6*s = -s - 25. Suppose 0*q + 4*q + 20 = -5*x, 0 = s*x - 3*q - 15. Let h(j) = j**2 + 4. Determine h(x).
4
Suppose 0 = 2*u - 10, 2*v = -u - 3 + 8. Let j(o) = -o**3 + o + 2. Determine j(v).
2
Let j(n) = n**2 